-180))?
3, 101, 137
Let g(h) = h**3 - 26*h**2 - 144*h + 45. What are the prime factors of g(36)?
3, 11, 79
Let n(l) = 249*l**2 - 2. Suppose 0 = -2*y + 6*y + 100. Let k be (5/(y/(-5)))/(-1). What are the prime factors of n(k)?
13, 19
Suppose 0 = -9*m + 12*m + 18. Let a be -1*(-2)/(4/m)*1. List the prime factors of a + (-1)/1 + 28.
2, 3
Suppose -3*w + 0*w - 3 = 0, -4*w - 9236 = 4*l. Let p = l + 4103. List the prime factors of ((-4)/6)/(-1 - p/(-1800)).
2, 3, 5
Let q be (-40)/(-70) - 3/(42/(-20)). Suppose 155 + 809 = 4*b + q*s, 4*b - 964 = -5*s. Let n = b + -169. List the prime factors of n.
2, 3
Let w(r) = -4*r**2 - 145*r - 41. List the prime factors of w(-26).
5, 41
Suppose 2*i - 2 = 4*g + 4*i, 3*i = 4*g - 23. Suppose g*j - 1346 = -2*u - 2*j, 4*u - 3*j = 2692. List the prime factors of u.
673
Let b = 9245 + -4553. What are the prime factors of b?
2, 3, 17, 23
Let p = -2460 - -11077. What are the prime factors of p?
7, 1231
Let w(v) = -7*v + 9. Let r(u) = -u - 2. Let m be r(1). Let n(s) = -6*s + 10. Let i(c) = m*w(c) + 2*n(c). List the prime factors of i(12).
101
Let a(w) = -48 - 50 + 96 - 8*w + 5*w. Let v(p) = 9*p + 1. Let u be v(-3). What are the prime factors of a(u)?
2, 19
Suppose -4 = 469*h - 467*h. Let m = 13 + -11. What are the prime factors of h + m + 140 - 1?
139
Let d(a) = a**3 - 7*a**2 - 19*a + 14. Let w(f) = -f**2 - 10*f - 5. Let k be w(-9). Suppose -u = k*x - 2 + 9, -x - 40 = -4*u. What are the prime factors of d(u)?
5
Suppose -12*i = -25 - 35. What are the prime factors of (538*i/25)/((-4)/(-10))?
269
Let m be (30/(-12) + 3)/((-2)/576). Let q = m + 284. Suppose 2*j - q = k, -4*k = -0*j - 5*j + 347. List the prime factors of j.
71
Let r(z) = 6*z**2 + 37*z + 13. Let x(s) = s**2. Let h(o) = -r(o) + 4*x(o). Let d be h(-18). Suppose d*b - 222 = 778. What are the prime factors of b?
2, 5
Suppose 5*v - 2*c - 153742 = 0, -5*v - 3*c + 92220 = -2*v. What are the prime factors of v?
2, 15373
Suppose -18 = -d - 20. What are the prime factors of (-1205)/d*36/45?
2, 241
Suppose 3*k + 402*n = 406*n + 73444, 5*k + n = 122468. List the prime factors of k.
2, 3, 13, 157
Suppose 5810*v - 106020 = 5801*v. List the prime factors of v.
2, 5, 19, 31
Suppose 3*i - 39*q - 959 = -37*q, -3*q + 1611 = 5*i. List the prime factors of i.
3, 107
Let h(z) = z**3 - 4*z**2 + 13. Let i be h(3). Suppose 0 = -5*b - t + 1746, -2*b - 366 = -3*b + i*t. List the prime factors of b.
2, 5, 7
Suppose 128*y - 127*y - 1847 = -w, -2*y - 5516 = -3*w. What are the prime factors of w?
2, 3, 307
Let o = -392 + 397. Suppose o*j = -3*b + 7*b + 4765, -2*b = -j + 959. What are the prime factors of j?
13, 73
Suppose -2*f = -3*f - 7*f. Suppose -2*w - 6 = f, -b - 4*w = -6 + 13. List the prime factors of (0 + 3)/((-1)/(-60)*b).
2, 3
Let d(p) = 35*p - 4. Let l be d(1). Let n = -29 + l. Suppose 2*s - 42 = n*w, -3*w - w + 11 = s. List the prime factors of s.
19
Suppose 4*q - 3*v - 41322 + 13371 = 0, -34955 = -5*q + 7*v. List the prime factors of q.
2, 3, 97
Let s(j) = -13*j**3 - 9*j**2 - 38*j - 8. Let z be s(-6). Suppose a - 594 + 58 = -p, a = 5*p - z. What are the prime factors of p?
2, 3, 5
Suppose 29*j + 477231 = 51*j + 142479. List the prime factors of j.
2, 3, 317
List the prime factors of 1 + 2 + (3995 - 4).
2, 1997
Let o = 8079 + -4077. List the prime factors of o.
2, 3, 23, 29
Suppose -3*w + 7 = 2*f, 4*w - 10 - 11 = -5*f. Suppose 395 = 3*k + l, -f*l = 2*k - 6*k + 552. List the prime factors of k.
7, 19
List the prime factors of (9809*(-1 - -3))/(1/(-5)*-10).
17, 577
Suppose 0 = -12*n + 14224 - 1912. Let s = 652 + n. What are the prime factors of s?
2, 839
Let u(k) = k**2 + 15*k + 30. Let v be u(-2). Suppose -v*q = -q + 4*i - 5420, 3*i + 3619 = 2*q. What are the prime factors of q?
2, 113
Let k = -27630 - -58706. List the prime factors of k.
2, 17, 457
Let y be (1417/(-7))/(-13) - (-33)/77. Suppose g + 4*w = 2087, -3*g - w + 6239 = -0*g. Suppose 0 = 23*u - y*u - g. List the prime factors of u.
3, 11
Let u = -54902 - -115498. List the prime factors of u.
2, 15149
Let h be 10*(-10)/(-350) - (-58)/(-7). Let a(x) = -x**3 - 8*x**2 - 41*x + 18. List the prime factors of a(h).
2, 173
Suppose -w - j + 120 = 3*w, 0 = w - 5*j - 30. Suppose -57 = -4*s + g, 3*s - 19 = 2*g + w. Let o = 77 + s. List the prime factors of o.
2, 3, 5
Suppose -4*r = y - 12, 3*y = -4*r + 8*y + 12. List the prime factors of (-1)/r*(11511/(-3) - 0).
1279
Let u be (15/(-5))/((-21)/(-875)). What are the prime factors of 6/12*-6*u?
3, 5
Suppose -3090*y + 3088*y + 904 = -64898. What are the prime factors of y?
3, 11, 997
Let j = 44 + -38. Let w(h) = -j - 20*h**2 + 11*h - 4*h + 22*h**2. List the prime factors of w(-6).
2, 3
Let d be ((-63)/(-28))/((-3)/(-8)). Let f = d + 20. What are the prime factors of (f/(-39))/((-2)/261)?
3, 29
Let m = 1895 + 17065. List the prime factors of m.
2, 3, 5, 79
Let h = -40579 + 61768. What are the prime factors of h?
3, 7, 1009
Let r(i) = -2*i**3 + 57*i**2 - 26*i - 86. Let c be r(28). Let b(m) = m**3 + 4*m**2 - 2*m - 6. Let k be b(-4). List the prime factors of (20/c)/(k/(-87)).
29
Suppose -16 = -3*z + p, -2*z + 4*p + 6 = -18. Suppose 4*r - n - 1985 = 0, -14*r + 1479 = -11*r - z*n. What are the prime factors of r?
7, 71
Suppose 81*r - 1960936 = -9*r + 28*r. What are the prime factors of r?
2, 7907
Let u = 151 - 55. Let w be 360/u*-12*(4 - 2). List the prime factors of -2 - (-2)/2*4 - w.
2, 23
Let j(m) = 3*m**2 + 31*m + 124. Let c(h) = -h**2 - 10*h - 42. Let l(p) = 8*c(p) + 3*j(p). List the prime factors of l(-14).
2, 5
Suppose 2201 = 12*x - 157171. What are the prime factors of x?
3, 19, 233
Suppose 0 = -3*i - 329 - 229. Let r = i - -219. What are the prime factors of r?
3, 11
Let k = 103 - 87. Suppose 11*c - k*c = -3210. Suppose 22*o - c = 16*o. What are the prime factors of o?
107
Suppose 7*q = -0*q + 105. Let j be (241/q - 1/(-3))*5. Suppose -4*i - 2*s = -68, -4*i + j = -0*i - 5*s. What are the prime factors of i?
2, 3
Suppose -51799 = -8*g + 19961. Suppose 23*n = g - 2323. What are the prime factors of n?
17
Let k = -114 + 116. Let p(t) = 24 + k*t - 1 + 17 + 5*t. What are the prime factors of p(13)?
131
Let k = -16237 - -22904. List the prime factors of k.
59, 113
Let d(j) = -23*j**3 + 21*j**2 + 58*j - 29. What are the prime factors of d(-6)?
5347
What are the prime factors of -12*1*((-14794)/(-39))/(2/(-3))?
2, 3, 569
Let o be 3/45*5*9. Let r = 16 - o. List the prime factors of 1402/r + (-5)/195*-6.
2, 3
Let g be 2/7 + (-24)/(-14). Let f(z) = z**2 - z + 1. Let d(p) = 26*p**2 + 2*p + 1. Let o(u) = d(u) + 3*f(u). What are the prime factors of o(g)?
2, 59
Let m(l) = -2*l**3 + 13*l**2 + 34*l - 7. Let n be m(11). Let g = n - -1174. List the prime factors of g.
2, 113
Let z(o) = 9*o + 66. Let p be z(12). Let m(v) = 6*v**2 - 3*v. Let s be m(2). Let d = s + p. List the prime factors of d.
2, 3
Suppose -3*a + 84570 = 4*b, -2*b + 33999 = -2*a - 8293. List the prime factors of b.
2, 3, 881
Let l = 12 - 11. Let b be l - 1 - 3179/17. Let u = b - -431. What are the prime factors of u?
2, 61
Suppose 2*q + 832*t - 828*t = 21014, 3*q - 2*t = 31513. List the prime factors of q.
5, 11, 191
What are the prime factors of 1*40804/(-8)*-8?
2, 101
Let x(n) = -2*n**3 + 106*n**2 - 105*n - 675. List the prime factors of x(43).
2, 5, 11, 17
Let o(p) = -12*p**3 + 14*p**2 - 11*p - 93. List the prime factors of o(-10).
13417
Suppose -5212 = 4*s + i + 3736, -2*s = 5*i + 4492. Let x = -891 - s. List the prime factors of x.
5, 269
Let m be (-145)/29 - 1362/(-3). Suppose 446*o - m*o + 558 = 0. List the prime factors of o.
2, 3, 31
Suppose -18*n - 422972 = -54*n + 32824. What are the prime factors of n?
11, 1151
Suppose -12 + 16 = 4*o. What are the prime factors of 2551/8 + o/8?
11, 29
Let t(r) = -r**2 + 21*r - 8. Let j be t(20). Let q be 2*4/j*3. Suppose 2*v - 2*x - 83 = -x, -v - q*x + 54 = 0. List the prime factors of v.
2, 11
Let t = 8290 + -4578. List the prime factors of t.
2, 29
Let u be (0 - 2) + 3 - -2733 - 3. Suppose -4*k + u - 275 = 0. Suppose -4*y - 86 = -k. What are the prime factors of y?
2, 3, 11
Suppose 5*y - 10 = -2*o + 27, 0 = o + 3*y - 21. Suppose -o*a - 5148 = -15*a. What are the prime factors of a?
2, 11, 13
Suppose -4*r = 24, 2*p + 29276 = 5*r + 170860. List the prime factors of p.
7, 10111
Let l = -3